- 347. What is the units digit of m?
9
What is the tens digit of (1/(-3))/(38/(-107274))?
4
Let o(c) = -c**3 + 6*c**2 + 11*c - 1. Let v be o(6). Let j = v - 53. What is the tens digit of j?
1
Let n = -2759 + 4157. What is the tens digit of n?
9
Let a = -352 - -786. What is the units digit of a?
4
Let l(s) = 20*s - 2. Let m = 37 + -35. What is the tens digit of l(m)?
3
Let c(a) be the second derivative of -2*a + 5/3*a**3 + 0 - 1/2*a**2. What is the tens digit of c(2)?
1
Suppose 5*u - 12 - 9 = 2*l, -4*u - 5*l - 3 = 0. Suppose u*r - 2*r = -y + 103, 3*r = -4*y + 411. What is the hundreds digit of y?
1
Suppose 872 = 12*o + 4112. Let n = o + 472. What is the tens digit of n?
0
Let z = -26 + 32. Suppose -z*q + q = -325. What is the units digit of q?
5
Suppose 0*k - k + 4*a = -6, 5*a + 11 = 3*k. Suppose -65 + 27 = -k*n. What is the tens digit of n?
1
Suppose 3*p + p = 0. Let h(k) = k**3 + k - 34. Let w be h(p). What is the units digit of (4 - -2)*w/(-6)?
4
Suppose -13840 = -9*z - 2374. What is the thousands digit of z?
1
Suppose 10*y + 3*h + 2466 = 13*y, 2*h = -6. What is the units digit of y?
9
Let r(d) = 285*d**2 - 10*d + 14. What is the hundreds digit of r(2)?
1
Suppose -b + 5 = -0. Suppose 19*v - 14*v = 10. Suppose -b*n - 3*c + 55 = 2*c, -v*c + 50 = 4*n. What is the units digit of n?
4
Suppose 3*z = 4*v - 6, 2*z + z - 6 = 0. What is the units digit of v?
3
Let g = 47 - 51. What is the units digit of 11/(-44) - 341/g?
5
Suppose -7*s + 4 = -31. Suppose -5*f = -f - s*o - 26, 4*f = -2*o + 12. Suppose h + 0*h + 63 = g, -4*h + 244 = f*g. What is the tens digit of g?
6
Suppose r - 589 = 3*o, -896 + 3873 = 5*r + o. What is the units digit of r?
5
Let u(d) = 297*d**2 + 3*d + 2. Let b be u(-2). Suppose -5*g + 2*v + b = 5*v, g + v = 238. Suppose -75 = 4*w - g. What is the tens digit of w?
4
Let k = 5935 - 3328. What is the hundreds digit of k?
6
Let w(j) = 138*j - 4. Let o(h) = -2*h**3 + 4*h**2 + h - 1. Let s be o(2). What is the units digit of w(s)?
4
Suppose 4*d + 418 = j, 12 = -3*j - 4*d + 1330. What is the units digit of j?
4
Let l(f) = 3*f**2 - 3*f**2 - 6 + 3*f**2 - 4*f. Let j = -234 + 231. What is the tens digit of l(j)?
3
Let f be (-1989)/(-34) + -1*(-1)/(-2). What is the tens digit of (78/15)/(f/(-20) + 3)?
5
Suppose 3*o = p - 220, 4*p - 5*o - 226 = 3*p. Suppose -2*a = 3*r + 2*a - p, -3*a - 15 = 0. Suppose r = 3*u - 58. What is the tens digit of u?
4
Suppose -2*v - 1 = -9. Suppose -v*a + 481 = 3*r, 3*r + 2 = 11. What is the hundreds digit of a?
1
Let m = 6 - 10. Let g(t) = -t**3 - 2*t**2 + 3*t - 2. Let b be g(m). What is the units digit of 3/4*4 + b?
1
Suppose 422 = 2*w - 4*k - 1102, -2301 = -3*w + 3*k. What is the units digit of w?
2
What is the tens digit of ((-16)/(-48))/((-2)/(-426))?
7
Suppose -32 = 5*c - 2*t + 6*t, -2*c - 20 = -2*t. Let g(b) = 3*b**2 + 8*b - 15. What is the tens digit of g(c)?
1
Suppose 68 + 419 = d. What is the units digit of d?
7
Let a(s) = s**2 + 7*s + 43. What is the hundreds digit of a(23)?
7
Suppose -5*h - 4*z + 1230 = 0, -14*h - 3*z = -11*h - 738. What is the units digit of h?
6
Let n = -387 - -830. Let m = n + -311. What is the units digit of m?
2
What is the units digit of 2/(-14) - (595116/(-126) - -12)?
1
Let f(r) = 171*r + 24. What is the units digit of f(27)?
1
Let j = -164 - -283. Suppose -45 = -4*u + j. What is the units digit of u?
1
What is the hundreds digit of (3 - (-4)/(-2))*343?
3
Suppose 1208 = 4*v - 2*v - 7*k, 0 = 4*k. What is the hundreds digit of v?
6
Let r(p) = -p + 16. Let g be r(-9). Let k = 37 - g. What is the units digit of k?
2
Let l(r) = r**3 + 7*r**2 - 8*r - 1. Let g = -22 - -15. Let j be l(g). What is the units digit of j/4 - (-6)/(-8)?
3
Suppose 2*s + 17 = 5*u, -3*s - 12 = -8*u + 5*u. Suppose -g = -6*g + 4*b + 1169, -u*b = g - 230. What is the units digit of g?
3
Suppose 0 = 2*m - 2*q - 2 - 14, -5*q = 4*m + 13. Suppose -2*z + 254 = -m*n, 2*z + 0*z + 3*n = 254. What is the hundreds digit of z?
1
Suppose 4*u - 3*g - 21 = 0, -4*u - 4*g = -3*u + 9. Let o = 82 + -29. Suppose o - 5 = u*y. What is the tens digit of y?
1
Let r be ((-8)/4)/(6/(-12)). Suppose -84 = r*h + 4. Let a = h + 73. What is the tens digit of a?
5
Let p(f) = f**2 + 15*f - 16. Let x be p(-11). Let n = x - -101. What is the units digit of n?
1
Suppose -c + 1422 = 2*i, -i + 1608 = 4*c - 4073. What is the hundreds digit of c?
4
Suppose -4*q = -31 + 7. Let b(a) = a**3 - 4*a**2 + 3*a - 2. What is the units digit of b(q)?
8
Let d(l) = 29*l**3 + l**2 - 22*l - 14. What is the thousands digit of d(4)?
1
What is the units digit of 4/(-3) - ((-33995)/15 - -2)?
3
Let s = 29 - 49. Let d be s/2*510/(-50). What is the tens digit of ((-2)/4)/((-1)/d)?
5
Let y(c) = 2*c**2 - c + 2. Suppose -m + 3 = -0*m. Let v be y(m). Suppose 2*r - 18 = -5*t + v, 2*r = -4*t + 32. What is the tens digit of r?
1
What is the tens digit of (-25746)/(-10) - (-24)/60?
7
Let f = -14 - -47. Let g = -21 + f. What is the tens digit of g?
1
Suppose 0 = -i - 5*a - 8, -2*i + 12*a + 32 = 10*a. Suppose -c - 2*c + 5*l + 140 = 0, 5*c + l = 252. Let m = c + i. What is the tens digit of m?
6
What is the thousands digit of 195*(-1960)/(-525)*(-9)/(-4)?
1
Suppose -a - 10 = a. Let u(h) = -9*h**3 - 7*h**2 + 6. Let l(p) = 13*p**3 + 11*p**2 - 9. Let g(n) = a*l(n) - 7*u(n). What is the units digit of g(-4)?
5
What is the units digit of 1*689 - 19/(171/(-27))?
2
Let t(j) = -4*j - 19. Let a be t(-5). Let z(l) be the third derivative of 7*l**4/24 + l**3/6 - 4*l**2. What is the units digit of z(a)?
8
Suppose 0 = -2*v + 2*o + 2808, -2*v + 5*o + 2595 = -198. What is the units digit of v?
9
Let q = 7 + -8. What is the tens digit of q + (0 - (-42 + 3))?
3
Let a = 523 - 187. What is the units digit of a?
6
Suppose -3*c + 1839 = 8*r, -3*c + 2319 = 3*r + 495. What is the units digit of c?
5
Let a be ((-67)/(-4))/((-3)/(-12)). What is the tens digit of (-2)/(-4)*(a - 9)?
2
Let v be (-4)/(-14) - 5/(-7). Let m = 1 + v. Suppose -5 = -5*p + 2*o, 2*p - 22 = -2*p - m*o. What is the units digit of p?
3
Let o(t) = t - 16. Let j be o(15). Let n(u) = -4*u - 1. Let l be n(j). Suppose -l*w + 2*w = -24. What is the tens digit of w?
2
Suppose 3*z - 68 = 4*h, -3*z + 3*h = 7*h - 76. Let y = z - -6. What is the tens digit of y?
3
Let n(b) = b**2 + 18*b - 7. Let s be n(-18). Let z(t) = t**3 + 9*t**2 + 10*t + 3. What is the units digit of z(s)?
1
Let c(p) be the third derivative of -11*p**4/24 + p**3/2 + 7*p**2. What is the tens digit of c(-6)?
6
Let m be ((-7)/(-14))/(2 + (-127)/64). Suppose -2*n + m = -n. What is the tens digit of n?
3
Let f(w) = 7*w - 8. Let q(p) = -p - 8 + 8. Let t(j) = -f(j) - 4*q(j). What is the units digit of t(-5)?
3
Let l = 3217 + -2127. What is the hundreds digit of l?
0
Suppose 0 = 8*h - 2413 - 707. What is the hundreds digit of h?
3
Let z(j) = -2*j - 3. Let g be z(-5). Let f = g + -26. What is the tens digit of 1 - (3 - 2) - f?
1
Let m = 18 + -26. What is the tens digit of m/(-28) + 1644/28?
5
Let o be 16/4 - -2 - 2. Suppose -o*r + 0*r = 332. Let h = r - -127. What is the units digit of h?
4
Suppose 9 = -2*i + 1. Let d(b) = b**2 - 4*b - 2. What is the units digit of d(i)?
0
Let f(w) be the third derivative of w**5/60 + w**4/6 + 11*w**3/2 - 7*w**2 - w. What is the units digit of f(-13)?
0
Let x(t) = 17*t**3 - 4*t**2 - t - 3. What is the units digit of x(3)?
7
What is the hundreds digit of 1643/3 + 2/(-3)?
5
Let c(j) = -12 - 3*j + 0*j - 14 + 10. Let u = 7 - 19. What is the tens digit of c(u)?
2
Let v = -11 - -14. Suppose w + 15 = v*o, 0 = 4*o - 3 - 13. Let j = w - -4. What is the units digit of j?
1
Suppose -5*j + v = -0*j - 10081, 0 = -2*j - v + 4031. Suppose -4*c = 5*c - j. What is the units digit of c?
4
Let d be 4/((-5)/(-114 + 4)). Suppose 4*m + 0*m = -a - d, m + 4*a = -7. Let z = 56 + m. What is the units digit of z?
3
Let z be 0/(-1) - (-3 + -41). Suppose 5*c - z = 16. What is the tens digit of 26*(2 - c/8)?
1
Let p(w) = w**3 - 2*w**2 - 3*w + 2. Let i be p(5). Let m = -229 + 206. Let a = m + i. What is the units digit of a?
9
What is the units digit of (-5)/(160/(-6424)) + 1/4?
1
Let f = -8 + 10. Let g = f + 0. Suppose -19 = -g*o - 3. What is the units digit of o?
8
Suppose -3*h + 4*c + 215 = 0, 3*h - 20 = -2*c + 165. What is the tens digit of h?
6
Suppose -4*r = -18 + 66. Let y = -